 - -77. Suppose 19 = y + 4*x, -4*y = -x + 2*x - 46. Suppose y + 41 = 4*i. What is the remainder when u is divided by i?
11
Let p(g) = g**3 + g**2 + 5. Let t = 8 + -8. Let c be (1 + 2/(-4))*t. Calculate the remainder when 17 is divided by p(c).
2
Suppose 0*d + 76 = 4*d. What is the remainder when d is divided by 10?
9
Suppose 2*h - 84 = -4*h. Calculate the remainder when 80 is divided by h.
10
Let o be 4 + ((-1)/1)/1. Calculate the remainder when ((-42)/(-9) - 4)*7*3 is divided by (o + 0)*(-8)/(-6).
2
Suppose 2*w + 3*t = 43, -5*w = -2*t + 19 - 136. Calculate the remainder when 158 is divided by w.
20
Suppose 3 = -3*k + 4*k. Suppose a - 6 = -2*q, 0*q - 2*q = -k*a + 10. What is the remainder when 15 is divided by a?
3
Let x(d) = 3*d**2 - 2*d + 3. Let j = -8 + 27. Calculate the remainder when x(-3) is divided by j.
17
Suppose -g + 4*k = -6*g + 81, 0 = 3*k - 12. What is the remainder when 48 is divided by g?
9
Let n(k) = k**2 + 8*k - 6. Let q be n(-9). Suppose 12 = l - q*l. What is the remainder when 25 is divided by (-6)/4*l/1?
7
Suppose -5*v + 45 = -0*v. Suppose 0 = -h + 21 + 29. What is the remainder when (h - -1)/(-3)*-1 is divided by v?
8
Suppose 0 = 4*w - 0*w - 52. Let b(s) = 2*s**2 - 8. Let n be b(-5). Let y = n - 5. Calculate the remainder when y is divided by w.
11
Suppose -5*k + 3*y - 8*y + 465 = 0, -4*y + 284 = 3*k. Calculate the remainder when k is divided by 15.
13
Let f = -5 - -7. Let d(w) = 2*w + 4. Calculate the remainder when 0 + (-1 + f - -25) is divided by d(5).
12
Suppose 0 = -2*j + 6. What is the remainder when 10 is divided by j?
1
Let f be (-2)/(-10) - (-6)/(-5). Let x = f - -10. Let a = x - -1. What is the remainder when 29 is divided by a?
9
Suppose 7 - 3 = 2*x. Suppose -x*j = -21 - 1. Calculate the remainder when ((-3)/2)/(3/(-40)) is divided by j.
9
Let v(l) = l**3 + 4*l**2 - 3. Let j be v(-3). Let f(r) = -r**2 + 10*r - 3. What is the remainder when 508/j - (-16)/48 is divided by f(5)?
19
Let v = -312 - -445. Calculate the remainder when v is divided by 20.
13
Let g = -8 - -12. Let z = -5 + 8. Suppose p + 4*d = 23, -3*p + 0*p = z*d - 42. What is the remainder when p is divided by g?
3
Let g(x) = x**3 - 8*x**2 + 7*x + 6. What is the remainder when 22 is divided by g(7)?
4
Let s = -2 - -10. Let y = 0 + s. Calculate the remainder when 23 is divided by y.
7
Suppose 18 = -0*l + 3*l. Let s(r) = r**2 - 4*r + 6. Let a be s(l). Suppose 4*u = 2*u + a. What is the remainder when u is divided by 4?
1
Suppose 8*n - 24 = -0*n. What is the remainder when 8 is divided by n?
2
Let z(v) = -39*v - 5. Let h be (0 - (-2)/3)*-3. What is the remainder when z(h) is divided by 25?
23
Suppose g = -4*g + 65. Calculate the remainder when g is divided by 5.
3
Let x = 95 + -62. Calculate the remainder when 64 is divided by x.
31
Let v(d) = 4*d**3 - 3*d + 8*d**2 - 5*d**3 - 3 + 8*d. What is the remainder when v(7) is divided by 103/5 - 2/(-5)?
18
Suppose -5*c = -10*c - 4*y + 111, 0 = -5*c - 3*y + 112. What is the remainder when c is divided by (-16)/(-3) - (-6)/9?
5
Let j be ((-9)/(-3))/(3/(-10)). What is the remainder when (-164)/j - (-2)/(-5) is divided by (1*(-1)/2)/((-13)/234)?
7
Suppose -4*m = -2*x + 2 - 4, 4*x - 46 = -2*m. Suppose 2*y - 1 = x. Calculate the remainder when y is divided by 2.
1
Suppose -4*n = -1 - 71. Calculate the remainder when n is divided by 5.
3
Suppose 4*d = -4*n + 172, -2*n + 6*n + 197 = 5*d. What is the remainder when d is divided by 22?
19
Let m(y) = y - 7. Let g be m(10). Suppose 0 = -5*l + g*l + 8. Suppose -3*t + 2*t = -13. Calculate the remainder when t is divided by l.
1
Let x = -34 - -43. What is the remainder when 2/8 - (-118)/8 is divided by x?
6
Let h be 0/(0 + -1) + -13. Let f = -8 - h. Suppose -f*q + q + 121 = 5*u, -3 = -3*u. Calculate the remainder when q is divided by 15.
14
Suppose -m - 4 = 3*v, 3*m - 5*v = -v + 1. Let t be m/(0 - 2/(-136)). Let q = -44 - t. Calculate the remainder when q is divided by 13.
11
Let n = -22 + 42. Calculate the remainder when 97 is divided by n.
17
Let j be (-3)/9 + (-24)/9. Calculate the remainder when 44 is divided by (j - 0)*(-8 + 3).
14
Let t = -30 - -16. Calculate the remainder when 19 is divided by (-16 + 9)*20/t.
9
Suppose 5*g - 7 - 23 = 0. Suppose -g*y = -0*y - 30. What is the remainder when 22 is divided by y?
2
Let v = -16 - -34. What is the remainder when -20*(-3)/(-12)*-14 is divided by v?
16
Let k = -3 + 5. Suppose -k*t - 5*s + 90 = 2*t, 4*s = -4*t + 88. Suppose t = -5*i - 0*i, 2*a = -4*i - 6. What is the remainder when a is divided by 2?
1
Suppose -4*u + 32 + 12 = 0. Suppose -3*a + 72 = a - 4*h, 0 = -2*a - 2*h + 48. What is the remainder when a is divided by u?
10
Let j(v) = -11*v**3 - 2*v**2 + 1. Let i be 0/(4 + 0 + -1). Let s = i + -1. What is the remainder when 29 is divided by j(s)?
9
Let l(w) = -w - 9. Let h be l(-11). Let f = 2 - h. Suppose -2*s + 0*s + 22 = f. What is the remainder when 21 is divided by s?
10
Let t(q) = q**2 - 8*q - 4. Let p(f) = f**3 - 6*f**2 - 6*f + 10. Let l = 15 + -8. Calculate the remainder when p(l) is divided by t(9).
2
Let s = 7 - 2. Suppose -j = -3*t + 58, -s*t - j + 55 = -47. Suppose 0 = -2*m + g + 118, -296 = -3*m - 2*m + 3*g. Calculate the remainder when m is divided by t.
18
Let i = 4 + -2. Suppose 3*z - i*z = 19. Let a = z + -3. What is the remainder when 31 is divided by a?
15
Let d = 6 - 4. Suppose 2*o - 3*s - 207 = 0, 0*o + 3*o - d*s - 308 = 0. Calculate the remainder when o is divided by 26.
24
Suppose -4*w - 18 = -174. Calculate the remainder when (5 - 5) + -1 + w is divided by 10.
8
Suppose 0 = 4*f + 4 - 20, -f + 4 = 3*v. Calculate the remainder when 6 is divided by -3 + 7 + v + 0.
2
Let y(s) = -3*s - 7. Let k be y(5). Calculate the remainder when 42 is divided by k/(-2)*(-2 + 3).
9
Let q(h) = -h**3 - h**2 + 4. Let z be q(0). Calculate the remainder when 63 is divided by z - (-2 - -4) - -14.
15
What is the remainder when (120/(-21) - -6) + 320/7 is divided by 7?
4
Suppose -c + 20 = 4*a, -c = -0*c. Suppose -9 = -0*b - b. What is the remainder when 2/a - (-369)/15 is divided by b?
7
Suppose 6 + 0 = 2*s, -4*s = -4*q + 36. What is the remainder when 106 is divided by q?
10
Let h = 89 + 81. Suppose 0 = 7*l - 2*l - h. Suppose 2*g - 60 + 24 = 0. Calculate the remainder when l is divided by g.
16
Let z = -41 + 66. What is the remainder when z is divided by 7?
4
Let t(c) = 6*c + 35. What is the remainder when t(7) is divided by 20?
17
Let t = 25 + -15. Suppose 0 = 5*a + 116 - 311. What is the remainder when a is divided by t?
9
Suppose -76 = q - 3*q - x, -4*x = 3*q - 124. What is the remainder when q is divided by 19?
17
Let r = -5 + -12. Let d = r + 42. What is the remainder when 48 is divided by d?
23
Let j be ((-408)/16)/(2/(-12)). What is the remainder when 50 is divided by j/(-6)*(-6)/9?
16
Suppose -5*o + 5*h = -23 - 2, 5*o - 25 = 3*h. What is the remainder when o is divided by 2?
1
Let b(j) = j**2 - 7*j - 3. What is the remainder when b(11) is divided by 21?
20
Let h = -14 - -25. What is the remainder when 30 is divided by h?
8
Calculate the remainder when 56 is divided by -5 + 9 - (1 + -17).
16
Let j(z) = z**2 + 3*z - 3. Let r = -3 + 10. Let v = r - 12. What is the remainder when j(v) is divided by 4?
3
Let u(m) = 2*m - 5*m - m + 0*m + 2. What is the remainder when 0 + 3 - (-98)/2 is divided by u(-4)?
16
Suppose 4*b = 4 + 4. Calculate the remainder when 20 is divided by ((-2)/(-3))/(b/33).
9
Let y = 2 + 3. Suppose -4*h + 21 - y = 0. What is the remainder when 7 is divided by h?
3
Let v = -15 - -15. Suppose -12*r + 10*r + 30 = v. Calculate the remainder when r is divided by 8.
7
Let v be (-1)/2 - 3/(-2). Let h be (v - 2) + (2 - -1). Calculate the remainder when 14 is divided by h - (-8 - 2/(-1)).
6
Let r be -2 + -1*(-4)/1. Suppose 0*x - r*x = -18. Calculate the remainder when 25 is divided by x.
7
Suppose -c - 8 = 3*c, -2*g + 16 = -3*c. Suppose -g*s = -0*s - 30. What is the remainder when 3/(((-18)/20)/(-3)) is divided by s?
4
Let v = 85 + -54. Calculate the remainder when v is divided by 12.
7
Let a(z) = -z - 10. What is the remainder when 15 is divided by a(-19)?
6
Suppose -2*h = -4*a + 26, -5*a = 4*h - 10 - 3. Let k(l) = l**2 - 4*l - 3. Calculate the remainder when 2 is divided by k(a).
0
Let h = 25 + -13. Suppose -i + 